r?
33
Let b(a) = 41*a + 2. Let r be b(2). Let k = r + -58. Calculate the highest common factor of 130 and k.
26
Let s be (4 + -1)*(0 + 7). What is the highest common factor of 24 and s?
3
Let p(m) = -2*m**2 - 13*m - 2. Let q be p(-6). Calculate the greatest common factor of 4 and q.
4
Let l = -141 + 145. Let n be (-2)/9 + (-56)/(-9). What is the greatest common factor of n and l?
2
Let t be 1 - -1 - ((-7 - -9) + -3). Suppose -2*v + 32 = 4*f - 0*f, t*v = 4*f - 52. Calculate the highest common factor of 100 and f.
10
Suppose -2*z + g + 5 = 0, 4*z + 0*g + 5*g + 25 = 0. Suppose -116 = -u - 2*o, z*u - u - 4*o = -112. Calculate the greatest common factor of 15 and u.
15
Let k(n) = n**3 + 22*n**2 - 4*n + 4. Let p be k(-22). Let m = -50 + p. Calculate the highest common factor of m and 28.
14
Let w be -1 + 3 - -2*56. Suppose w = 3*h - 4*h. Let i = h - -186. What is the highest common factor of 18 and i?
18
Let i(h) = -h + 17. Let u be i(15). Let w be 5412/(-41)*(-1)/(3/u). What is the highest common factor of w and 22?
22
Suppose -7*l + 551 = -205. Let x be 10*(48/15 + -2). What is the greatest common factor of l and x?
12
Suppose -8*u - 69 + 333 = 0. What is the highest common factor of u and 3?
3
Suppose -2*f + 2 = -2*b - 2, -2*b = -f + 4. Suppose f*p + 25 = -5*p, -49 = -2*l + 3*p. Let d = 1 + l. What is the highest common divisor of d and 54?
18
Suppose 4*c + 12 - 32 = 0. Suppose -2*g = -4*j + 8, 24 = c*j + 2*g - g. Suppose 73*t = 81*t - 32. Calculate the highest common divisor of j and t.
4
Let x(u) = -10*u + 15. Let l be x(16). Let i = 164 + l. Calculate the greatest common divisor of i and 19.
19
Let p be 808 + 0/(9 - 3). Let l = 1204 - p. Calculate the greatest common divisor of 36 and l.
36
Let t(d) = d**2 - 3*d + 2. Let i be t(3). Suppose -4 = -i*b + 6, 2*b - 20 = -r. Calculate the highest common divisor of 2 and r.
2
Let o be (-16)/(-4) - (0 - 0 - -1). Suppose 0*w - 2*g = 2*w - 226, 0 = o*w + 4*g - 335. What is the greatest common divisor of w and 13?
13
Suppose -20562 - 31386 = -26*m. Calculate the greatest common factor of m and 37.
37
Suppose 31 + 257 = 12*c. What is the highest common divisor of 18 and c?
6
Suppose 28*n + 38*n - 198 = 0. Suppose 0 = -5*l + 3*y + 18, 0 = 4*l + 2*y - 7*y - 17. What is the greatest common factor of l and n?
3
Let p(j) = j**2 - 2*j + 3. Let g be p(2). Suppose 5*x = -2*m + 160, -m = -4*x + g*m + 128. Let a = 68 - x. Calculate the greatest common factor of a and 4.
4
Let f = -56 - -52. Let c(o) = -2*o**3 - 3*o**2 + 5*o + 20. Let b be c(f). Calculate the highest common divisor of b and 120.
40
Let y = 148 - 128. What is the highest common factor of 45 and y?
5
Let s(c) = -51*c + 409. Let w be s(7). Calculate the highest common factor of 234 and w.
26
Let q = 1664 + -1652. What is the highest common divisor of 324 and q?
12
Let a(m) = 2*m**2 + 5*m + 3. Let x be a(-3). Suppose -z = 3*z + 3*l - 192, -48 = -z - 5*l. What is the highest common divisor of z and x?
6
Let w(l) = 8*l**3 - l**2 + 3*l - 1. Let c be w(1). Let h be (3/(c/(-42)))/(2/(-30)). What is the highest common factor of 42 and h?
42
Let v(s) = s**3 - 5*s**2 + 4*s + 2. Suppose n = -2*z - z + 7, 4*n - 3*z - 13 = 0. Let p be v(n). What is the highest common factor of p and 4?
2
Let v = 193 - 187. Let w be ((-2)/(-4))/((-2)/(-48)). Let y = w + v. What is the highest common factor of y and 18?
18
Let o(s) = 7*s - 5. Let x be o(4). Suppose 5*v = 4*v + 5*p - 26, -3*v - 3*p = -12. Let t be (14 - -10) + 0/2 + v. What is the highest common factor of x and t?
23
Suppose -271*t + 18 = -268*t. Let l = 17 - 8. Suppose 2*o - l = 99. Calculate the greatest common factor of o and t.
6
Suppose 0 = 4*b + w + 4*w + 155, 2*b + 4*w + 76 = 0. Let p be (-1)/((-1)/(-1))*b. What is the highest common divisor of 440 and p?
40
Let g = -104 + 108. Suppose -4*q + 3*k = -99 - 310, -4*q + g*k + 412 = 0. What is the greatest common factor of q and 20?
20
Let d = -205 + 259. Calculate the greatest common divisor of 36 and d.
18
Suppose 2*r + r - 9 = 0. Let k(z) = 0*z**r + 2*z + z**3 - 8*z**2 + 30 - 30. Let l be k(8). Calculate the highest common divisor of l and 144.
16
Let d = 261 - 157. Suppose 0 = -0*b - 4*b + d. What is the highest common divisor of 26 and b?
26
Suppose 12662 = 24*t - 2434. What is the greatest common factor of 74 and t?
37
Let o = 389 + -309. What is the highest common divisor of 144 and o?
16
Suppose 2*y + 35 = 9*y. Let c = 51 - 50. What is the highest common factor of c and y?
1
Suppose -4*g + 0*g + 80 = n, 3*n = -3*g + 51. Let d = g - 10. What is the highest common factor of 44 and d?
11
Let z = -8 - -50. Let r = -15 + z. Suppose 0 = -2*b + 214 - 52. What is the greatest common divisor of b and r?
27
Let q(c) be the second derivative of -7*c**3/6 - 19*c**2/2 - 14*c. Let a be q(-3). Calculate the highest common divisor of 14 and a.
2
Let l = 803 - 781. What is the highest common factor of 374 and l?
22
Suppose 3*t + 16 = o + 4*o, 3*o + 4*t - 27 = 0. What is the highest common factor of 25 and o?
5
Let r = -23 - -29. Let x be 710/14 + (-1)/(-21)*r. What is the highest common factor of 3 and x?
3
Let j = 967 - 905. Calculate the greatest common divisor of 2 and j.
2
Suppose 3*f - 5 - 55 = 0. Suppose 3 = -5*o + 2*o, x + 5*o = 0. Suppose -x = -3*z + 10. Calculate the highest common factor of f and z.
5
Suppose -7*p = -2*p. Suppose p = 4*v - i - 0*i - 55, -3*i = 5*v - 73. Calculate the highest common factor of 35 and v.
7
Suppose 130 = 17*g - 16*g. What is the highest common divisor of 195 and g?
65
Let b be 3/(-5 + 2)*-1. Let r be 1/(-2)*6*b. Let d = 12 - r. Calculate the greatest common factor of d and 3.
3
Suppose -18 = -4*p - z + 2*z, -8 = -4*p - 4*z. Suppose 0 = -3*y - 0 - 9, 5*y - 81 = -p*d. Calculate the highest common divisor of d and 3.
3
Let u = 166 + -130. What is the greatest common factor of 9 and u?
9
Suppose -9*u + 50 = 5. Suppose -5*d = -u*q + 200, 5*q - 145 = 2*q - 2*d. What is the highest common divisor of 75 and q?
15
Suppose -3 = -3*h + 6. Let g be h/(-2)*(-87 + 3). Let s(u) = 17*u + 1. Let i be s(1). Calculate the highest common factor of i and g.
18
Let x = -964 + 1029. Let m = 12 - -14. What is the greatest common divisor of m and x?
13
Let n(z) = -5*z**3 - 3*z**2 + 4*z + 2. Let y be n(-3). Let g = y - 94. Calculate the greatest common factor of g and 8.
4
Let u(b) = 2*b + 214. Let s be u(-47). What is the greatest common divisor of s and 144?
24
Let t be -3 + 1 + -1 + 1. Let k = 12 + t. Let o(g) = g**2 + 11*g - 10. Let r be o(-15). What is the greatest common factor of k and r?
10
Let q be (20/6)/((-6)/324). Let o be -6*(0 + 4/(12/(-3))). Let y be o/5*q/(-24). Calculate the greatest common divisor of 9 and y.
9
Let g(m) = 81*m**3 + 20*m - 27*m**3 - 24*m**3 - 31*m**3 - 40 + 15*m**2. Let a be g(16). What is the greatest common factor of a and 132?
12
Suppose -f = -3*h + 895, 5*f + 179 = 2*h - 435. Calculate the greatest common factor of 11 and h.
11
Let c = 29 + -26. Suppose -2*g = 4*f - 52, -4*g + c*g + 2*f = -46. What is the greatest common divisor of g and 24?
12
Suppose 0 = -4*h + 2*a - 2, -h = -4*h + 2*a - 4. Suppose -h*y + 36 + 130 = 3*l, -5*y + 396 = -2*l. What is the highest common divisor of 8 and y?
8
Suppose -4*j = -5*n + 1037, -3*n = -j - 3*j - 627. What is the greatest common factor of 41 and n?
41
Let v = 1028 + -1016. Let x be (-2)/(-7) - (-327)/7. Suppose -3*w + 401 = 5*s, -177 = -w + 2*s - x. Calculate the greatest common divisor of v and w.
12
Let r(d) = d**2 + 12*d - 325. Let n be r(-26). Calculate the highest common divisor of 78 and n.
39
Let r be (-4)/14 - 16/(-56). Suppose r = -7*f + 2*f + 475. What is the greatest common divisor of 38 and f?
19
Suppose 3*n = 15, 5*r = -44*n + 45*n + 610. What is the highest common divisor of r and 328?
41
Let p = 22 - 15. Suppose -p*y + 1 + 13 = 0. What is the highest common divisor of 18 and y?
2
Let w = -54 + 82. Calculate the greatest common factor of 7 and w.
7
Let u(y) = -y + 4. Let a be u(4). Suppose 2*b = -k + 27, 3*b + 11*k = 13*k + 37. Suppose a = -3*s + 25 - b. What is the greatest common factor of 32 and s?
4
Let q be 0 + (-4 - -1) + 67. Suppose 0*i + q = 2*i. Let w be (-25)/(-7) + 9/21. What is the highest common factor of w and i?
4
Let r(w) = w + 5. Let a be r(0). Let 